ainder when 285 is divided by 35.
5
What is the remainder when 2211 is divided by 441?
6
What is the remainder when 924 is divided by 435?
54
Calculate the remainder when 62 is divided by 24.
14
What is the remainder when 1001 is divided by 196?
21
What is the remainder when 66 is divided by 35?
31
Calculate the remainder when 102 is divided by 24.
6
Calculate the remainder when 2403 is divided by 36.
27
Calculate the remainder when 226 is divided by 69.
19
Calculate the remainder when 1031 is divided by 40.
31
Calculate the remainder when 1614 is divided by 45.
39
What is the remainder when 148 is divided by 20?
8
What is the remainder when 77 is divided by 9?
5
Calculate the remainder when 17696 is divided by 15.
11
Calculate the remainder when 1213 is divided by 151.
5
What is the remainder when 125 is divided by 18?
17
Calculate the remainder when 9649 is divided by 19.
16
Calculate the remainder when 1344 is divided by 444.
12
What is the remainder when 728 is divided by 235?
23
What is the remainder when 176 is divided by 26?
20
Calculate the remainder when 21 is divided by 13.
8
What is the remainder when 6539 is divided by 163?
19
What is the remainder when 152 is divided by 46?
14
What is the remainder when 324 is divided by 39?
12
What is the remainder when 152 is divided by 5?
2
Calculate the remainder when 81 is divided by 43.
38
Calculate the remainder when 1314 is divided by 70.
54
Calculate the remainder when 437 is divided by 213.
11
Calculate the remainder when 726 is divided by 183.
177
Calculate the remainder when 9568 is divided by 62.
20
Calculate the remainder when 1772 is divided by 16.
12
Calculate the remainder when 99 is divided by 48.
3
What is the remainder when 193 is divided by 4?
1
What is the remainder when 6631 is divided by 99?
97
Calculate the remainder when 1014 is divided by 289.
147
What is the remainder when 667 is divided by 135?
127
Calculate the remainder when 285 is divided by 103.
79
What is the remainder when 462 is divided by 38?
6
Calculate the remainder when 43 is divided by 35.
8
What is the remainder when 292 is divided by 59?
56
Calculate the remainder when 79 is divided by 34.
11
What is the remainder when 17 is divided by 10?
7
What is the remainder when 255 is divided by 73?
36
Calculate the remainder when 115 is divided by 66.
49
Calculate the remainder when 14 is divided by 4.
2
Calculate the remainder when 77 is divided by 64.
13
What is the remainder when 61 is divided by 23?
15
Calculate the remainder when 305 is divided by 44.
41
What is the remainder when 23 is divided by 13?
10
Calculate the remainder when 92 is divided by 9.
2
What is the remainder when 193 is divided by 63?
4
Calculate the remainder when 3046 is divided by 16.
6
Calculate the remainder when 53 is divided by 14.
11
Calculate the remainder when 26529 is divided by 12.
9
Calculate the remainder when 84 is divided by 19.
8
Calculate the remainder when 587 is divided by 66.
59
What is the remainder when 762 is divided by 144?
42
Calculate the remainder when 127 is divided by 32.
31
What is the remainder when 664 is divided by 213?
25
Calculate the remainder when 2347 is divided by 9.
7
Calculate the remainder when 299 is divided by 77.
68
What is the remainder when 75 is divided by 36?
3
What is the remainder when 61 is divided by 7?
5
Calculate the remainder when 243 is divided by 61.
60
What is the remainder when 130 is divided by 17?
11
What is the remainder when 119 is divided by 12?
11
What is the remainder when 326 is divided by 30?
26
What is the remainder when 540 is divided by 191?
158
What is the remainder when 128 is divided by 27?
20
What is the remainder when 643 is divided by 54?
49
Calculate the remainder when 3969 is divided by 14.
7
What is the remainder when 1329 is divided by 95?
94
Calculate the remainder when 15127 is divided by 8.
7
Calculate the remainder when 5268 is divided by 10.
8
What is the remainder when 50 is divided by 48?
2
What is the remainder when 113 is divided by 20?
13
Calculate the remainder when 2243 is divided by 22.
21
Calculate the remainder when 632 is divided by 89.
9
Calculate the remainder when 813 is divided by 34.
31
Calculate the remainder when 927 is divided by 266.
129
What is the remainder when 271 is divided by 167?
104
What is the remainder when 22 is divided by 3?
1
What is the remainder when 345 is divided by 48?
9
What is the remainder when 5742 is divided by 221?
217
What is the remainder when 834 is divided by 44?
42
Calculate the remainder when 656 is divided by 23.
12
Calculate the remainder when 2112 is divided by 266.
250
Calculate the remainder when 21 is divided by 3.
0
What is the remainder when 752 is divided by 33?
26
Calculate the remainder when 86 is divided by 13.
8
Calculate the remainder when 45 is divided by 9.
0
Calculate the remainder when 354 is divided by 121.
112
Calculate the remainder when 168 is divided by 89.
79
Calculate the remainder when 106 is divided by 46.
14
Calculate the remainder when 425 is divided by 192.
41
Calculate the remainder when 3687 is divided by 15.
12
What is the remainder when 176 is divided by 7?
1
What is the remainder when 755 is divided by 69?
65
Calculate the remainder when 21 is divided by 8.
5
What is the remainder when 282 is divided by 71?
69
Calculate the remainder when 1081 is divided by 19.
17
What is the remainder when 25912 is divided by 71?
68
Calculate the remainder when 97 is divided by 3.
1
What is the remainder when 759 is divided by 144?
39
Calculate the remainder when 2143 is divided by 13.
11
Calculate the remainder when 419 is divided by 44.
23
What is the remainder when 236 is divided by 47?
1
Calculate the remainder when 467 is divided by 78.
77
What is the remainder when 93 is divided by 19?
17
Calculate the remainder when 279 is divided by 15.
9
What is the remainder when 1649 is divided by 14?
11
What is the remainder when 85 is divided by 30?
25
Calculate the remainder when 1557 is divided by 30.
27
What is the remainder when 121 is divided by 21?
16
Calculate the remainder when 1132 is divided by 1119.
13
Calculate the remainder when 3235 is divided by 645.
10
What is the remainder when 866 is divided by 432?
2
What is the remainder when 242 is divided by 5?
2
What is the remainder when 2770 is divided by 277?
0
What is the remainder when 598 is divided by 97?
16
What is the remainder when 1158 is divided by 7?
3
Calculate the remainder when 11600 is divided by 55.
50
What is the remainder when 323 is divided by 27?
26
What is the remainder when 118 is divided by 79?
39
Calculate the remainder when 96 is divided by 8.
0
What is the remainder when 117 is divided by 20?
17
Calculate the remainder when 2597 is divided by 262.
239
Calculate the remainder when 12156 is divided by 190.
186
What is the remainder when 22698 is divided by 47?
44
What is the remainder when 825 is divided by 272?
9
What is the remainder when 29 is divided by 9?
2
Calculate the remainder when 2720 is divided by 677.
12
Calculate the remainder when 3151 is divided by 785.
11
Calculate the remainder when 816 is divided by 3.
0
Calculate the remainder when 5853 is divided by 450.
3
Calculate the remainder when 230 is divided by 77.
76
Calculate the remainder when 82 is divided by 7.
5
Calculate the remainder when 74 is divided by 21.
11
Calculate the remainder when 1692 is divided by 15.
12
What is the remainder when 840 is divided by 11?
4
Calculate the remainder when 579 is divided by 45.
39
Calculate the remainder when 441 is divided by 34.
33
Calculate the remainder when 72 is divided by 28.
16
Calculate the remainder when 87 is divided by 51.
36
Calculate the remainder when 812 is divided by 43.
38
What is the remainder when 424 is divided by 70?
4
Calculate the remainder when 429 is divided by 8.
5
Calculate the remainder when 4236 is divided by 13.
11
What is the remainder when 326 is divided by 35?
11
Calculate the remainder when 303 is divided by 28.
23
Calculate the remainder when 3061 is divided by 21.
16
Calculate the remainder when 637 is divided by 633.
4
Calculate the remainder when 736 is divided by 183.
4
What is the remainder when 4826 is divided by 34?
32
Calculate the remainder when 48 is d